tor of 1807302?
False
Is 82 a factor of 13249632?
False
Does 93 divide 274443?
True
Does 37 divide 143686?
False
Is 64 a factor of 7954439?
False
Is 9 a factor of 57794?
False
Is 90879 a multiple of 16?
False
Is 138 a factor of 1451080?
False
Is 47130 a multiple of 25?
False
Does 20 divide 2946965?
False
Is 79 a factor of 142200?
True
Does 5 divide 1210864?
False
Is 16 a factor of 9139751?
False
Is 147 a factor of 1325801?
False
Is 93 a factor of 10269621?
False
Is 2779099 a multiple of 25?
False
Is 280836 a multiple of 6?
True
Does 311 divide 25502?
True
Is 42 a factor of 2520000?
True
Does 14 divide 2251375?
False
Is 379497 a multiple of 28?
False
Is 100518 a multiple of 8?
False
Does 275 divide 3984?
False
Does 76 divide 4466900?
True
Does 5 divide 361300?
True
Is 356571 a multiple of 716?
False
Is 85 a factor of 12070?
True
Is 140 a factor of 57680?
True
Is 255403 a multiple of 283?
False
Is 12036245 a multiple of 13?
True
Does 17 divide 3848188?
True
Does 48 divide 3658687?
False
Does 30 divide 282546?
False
Does 543 divide 1914019?
False
Is 436369 a multiple of 12?
False
Is 436 a factor of 191614?
False
Is 136986 a multiple of 79?
True
Is 4 a factor of 10820?
True
Is 4 a factor of 7762516?
True
Is 9 a factor of 7850785?
False
Is 16 a factor of 709688?
False
Is 125400 a multiple of 5?
True
Is 797573 a multiple of 287?
True
Is 42 a factor of 329154?
True
Is 40 a factor of 286000?
True
Is 29 a factor of 1127781?
True
Is 246 a factor of 3723456?
True
Is 18 a factor of 7510000?
False
Is 41765 a multiple of 27?
False
Is 109050 a multiple of 50?
True
Is 2606380 a multiple of 28?
True
Is 97 a factor of 9603?
True
Does 543 divide 16623945?
True
Is 2675505 a multiple of 147?
False
Is 8 a factor of 171200?
True
Is 7186083 a multiple of 42?
False
Is 2 a factor of 81301?
False
Does 438 divide 4380?
True
Is 2 a factor of 2049?
False
Is 5127463 a multiple of 157?
True
Is 4259250 a multiple of 136?
False
Is 408946 a multiple of 16?
False
Is 304356 a multiple of 401?
False
Is 670320 a multiple of 48?
True
Is 307119 a multiple of 69?
True
Is 17 a factor of 1349385?
False
Does 1619 divide 1007861?
False
Does 659 divide 649774?
True
Is 121 a factor of 10566587?
False
Is 356466 a multiple of 66?
True
Is 718397 a multiple of 779?
False
Is 46420 a multiple of 22?
True
Is 33490 a multiple of 34?
True
Does 10 divide 246312?
False
Is 10 a factor of 38101?
False
Does 80 divide 422800?
True
Does 6 divide 19145?
False
Is 427256 a multiple of 4?
True
Is 160 a factor of 3156468?
False
Is 2 a factor of 256135?
False
Does 160 divide 7813106?
False
Is 6329810 a multiple of 200?
False
Is 367666 a multiple of 110?
False
Is 3189496 a multiple of 947?
True
Is 170 a factor of 93840?
True
Does 28 divide 505851?
False
Is 8507722 a multiple of 86?
True
Is 1414868 a multiple of 28?
True
Does 122 divide 26575443?
False
Is 4 a factor of 49692?
True
Is 55026 a multiple of 24?
False
Is 27923 a multiple of 8?
False
Is 287940 a multiple of 10?
True
Does 42 divide 198114?
True
Does 42 divide 914802?
True
Is 98526 a multiple of 9?
False
Is 28 a factor of 2700992?
True
Is 16 a factor of 430544?
True
Is 4459940 a multiple of 692?
True
Does 16 divide 1093937?
False
Is 62 a factor of 641142?
True
Is 38 a factor of 1127136?
False
Is 24 a factor of 352632?
True
Is 3138800 a multiple of 413?
True
Does 43 divide 257447?
False
Does 30 divide 10318124?
False
Does 275 divide 272525?
True
Does 89 divide 1840893?
False
Does 143 divide 4028917?
False
Is 4374234 a multiple of 998?
True
Is 32936 a multiple of 39?
False
Is 3 a factor of 136567?
False
Does 283 divide 65444?
False
Is 3164080 a multiple of 33?
False
Is 127981 a multiple of 126?
False
Is 33 a factor of 102630?
True
Does 23 divide 5407047?
True
Is 42939 a multiple of 367?
True
Is 80820 a multiple of 5?
True
Does 11 divide 169802?
False
Is 69 a factor of 9789720?
True
Does 768 divide 2126616?
False
Is 22 a factor of 356042?
False
Is 40 a factor of 16501738?
False
Does 21 divide 2817801?
True
Is 102 a factor of 10008161?
False
Is 20 a factor of 1066783?
False
Does 940 divide 124493?
False
Is 552 a factor of 13706657?
False
Is 3940055 a multiple of 7?
True
Is 6 a factor of 588708?
True
Is 2386721 a multiple of 256?
False
Does 218 divide 8133798?
True
Is 458752 a multiple of 84?
False
Is 43511 a multiple of 124?
False
Is 11 a factor of 3008808?
True
Does 55 divide 46426?
False
Is 84 a factor of 7693343?
False
Is 120733 a multiple of 55?
False
Does 20 divide 50116?
False
Is 33 a factor of 101574?
True
Does 13 divide 22087?
True
Is 50 a factor of 53450?
True
Does 75 divide 4612993?
False
Is 304645 a multiple of 145?
True
Does 490 divide 293885?
False
Does 14 divide 231756?
True
Is 22 a factor of 96052?
True
Does 276 divide 460591?
False
Does 10 divide 290731?
False
Does 20 divide 10257?
False
Is 1871433 a multiple of 9?
True
Is 153 a factor of 481797?
True
Is 164660 a multiple of 346?
False
Is 12987 a multiple of 39?
True
Is 332964 a multiple of 12?
True
Is 16 a factor of 2782158?
False
Does 8 divide 577232?
True
Is 116 a factor of 1094091?
False
Does 148 divide 3511744?
True
Is 465298 a multiple of 93?
False
Is 9 a factor of 48076?
False
Is 214 a factor of 15271254?
True
Does 3 divide 19074?
True
Does 4 divide 64998?
False
Is 192 a factor of 503808?
True
Does 34 divide 21794?
True
Does 2 divide 246585?
False
Is 3122821 a multiple of 47?
True
Is 2 a factor of 33740?
True
Does 354 divide 813138?
True
Is 1188005 a multiple of 245?
True
Is 122507 a multiple of 166?
False
Is 68415 a multiple of 8?
False
Is 87 a factor of 4210713?
True
Is 105 a factor of 3136140?
True
Does 124 divide 305226?
False
Is 85589 a multiple of 297?
False
Is 972 a multiple of 2?
True
Is 906391 a multiple of 27?
False
Does 47 divide 5202712?
True
Is 36961 even?
False
Is 92985 a multiple of 15?
True
Is 448 a factor of 12002606?
False
Is 2426600 a multiple of 50?
True
Is 380 a factor of 11400?
True
Is 14 a factor of 10295?
False
Is 23683121 a multiple of 355?
False
Is 1026193 a multiple of 31?
True
Does 131 divide 2683287?
False
Is 37 a factor of 1908682?
True
Is 13 a factor of 1783553?
False
Does 201 divide 1501068?
True
Is 42 a factor of 160775?
False
Is 369610 a multiple of 11?
False
Is 267 a factor of 5883176?
False
Does 12 divide 3403644?
True
Is 24075 a multiple of 265?
False
Does 13 divide 506897?
False
Is 90 a factor of 51390?
True
Is 30 a factor of 2212620?
True
Does 10 divide 3115962?
False
Is 657870 a multiple of 42?
False
Is 74 a factor of 9084980?
True
Is 9 a factor of 14753079?
True
Is 25 a factor of 305709?
False
Is 3567570 a multiple of 26?
False
Is 14 a factor of 18587?
False
Is 25349688 a multiple of 146?
True
Is 50 a factor of 1526670?
False
Is 516388 a multiple of 11?
False
Is 14 a factor of 143691?
False
Is 29 a factor of 4397647?
True
Is 35424 a multiple of 123?
True
Is 2967360 a multiple of 88?
True
Does 14 divide 1226694?
True
Does 15 divide 26259765?
True
Is 138 a factor of 1374204?
True
Is 1172195 a multiple of 51?
False
Is 14083456 a multiple of 188?
True
Is 82 a factor of 701761?
False
Is 9834699 a multiple of 115?
False
Does 466 divide 10096822?
True
Is 2321422 a multiple of 9?
False
Is 10 a factor of 3983620?
True
Does 1094 divide 9004714?
True
Does 22 divide 466312?
True
Is 2140309 a multiple of 1075?
False
Does 92 divide 293572?
True
Is 2581373 a multiple of 62?
False
Is 436362 a multiple of 26?
False
Is 452718 a multiple of 18?
True
Is 2411130 a multiple of 537?
True
Is 359 a factor of 476862?
False
Is 15796678 a multiple of 309?
False
Is 10 a factor of 1954171?
False
Is 1240492 a multiple of 242?
True
Is 1789114 a multiple of 17?
True
Does 7 divide 771694?
True
Does 690 divide 9962220?
True
Does 69 divide 89203?
False
Is 9 a factor of 116195?
False
Is 106 a factor of 151898?
True
Is 705 a factor of 801585?
True
Does 206 divide 321204?
False
Is 233 a factor of 29075?
False
Is 28992 a multiple of 86?
False
Is 32 a factor of 3949?
False
Does 4 divide 3742370?
False
Is 326014 a multiple of 77?
False
Is 386975 a multiple of 115?
True
Is 235045 a multiple of 24?
False
Does 34 divide 982671?
False
Does 40 divide 2222000?
True
Does 40 divide 601383?
False
Is 69 a factor of 3459196?
False
Is 229 a factor of 188901?
False
Is 4 a factor of 139886?
False